a prime number?
False
Is 103095347 composite?
True
Is 28069931 a composite number?
True
Is 558907 composite?
True
Is 6562331 prime?
True
Is 24031967 prime?
True
Is 286469 a prime number?
True
Is 53253253 a prime number?
True
Is 54310547 composite?
False
Is 675517 a composite number?
True
Is 476229341 a composite number?
True
Is 23378027 a prime number?
False
Is 2545883 a prime number?
True
Is 9247367 a prime number?
False
Is 7378421 a prime number?
True
Is 15579643 a prime number?
True
Is 62883401 composite?
True
Is 32935061 a prime number?
False
Is 51174679 a composite number?
True
Is 2148931 a prime number?
False
Is 6436679 a prime number?
False
Is 114406069 a composite number?
False
Is 2853419 a composite number?
True
Is 207781 a composite number?
True
Is 10030127 a composite number?
True
Is 370694609 prime?
False
Is 127087943 prime?
True
Is 2471513 a prime number?
False
Is 47627543 prime?
True
Is 36640579 a prime number?
True
Is 129985189 a prime number?
False
Is 1531447 a composite number?
False
Is 6030473 a prime number?
True
Is 4486583 a prime number?
False
Is 48763571 composite?
True
Is 6805639 prime?
True
Is 1711111 a composite number?
True
Is 108251219 a prime number?
True
Is 145851529 a composite number?
False
Is 40075417 a prime number?
True
Is 21594107 prime?
True
Is 79717769 prime?
False
Is 44918123 composite?
True
Is 90979345 prime?
False
Is 12728201 a composite number?
True
Is 7921861 prime?
True
Is 4383413 prime?
True
Is 88934999 composite?
True
Is 79139 composite?
False
Is 3355553 composite?
False
Is 8890939 composite?
False
Is 570764213 a prime number?
True
Is 20664113 prime?
True
Is 786187 prime?
False
Is 544109 prime?
True
Is 35064019 prime?
False
Is 3787919 a prime number?
True
Is 11519341 prime?
False
Is 4924493 prime?
False
Is 5048221 composite?
False
Is 8698061 composite?
False
Is 9166397 a composite number?
True
Is 686876903 a prime number?
True
Is 14307737 prime?
True
Is 567238621 a prime number?
False
Is 236594 a prime number?
False
Is 237555197 a prime number?
False
Is 59369 prime?
True
Is 17603693 prime?
False
Is 2424971 composite?
False
Is 2914339 a prime number?
False
Is 312415687 a composite number?
False
Is 4614265 composite?
True
Is 4617359 composite?
False
Is 11309631 a prime number?
False
Is 301619 a prime number?
True
Is 303529 a prime number?
True
Is 4074829 a composite number?
True
Is 2712613 a composite number?
False
Is 451897 a prime number?
True
Is 4185583 prime?
True
Is 32874923 composite?
True
Is 42370105 composite?
True
Is 19319213 a prime number?
False
Is 11894221 composite?
False
Is 53544103 a prime number?
True
Is 51154 a composite number?
True
Is 49523 prime?
True
Is 4984241 a composite number?
False
Is 79369313 composite?
True
Is 21059 a prime number?
True
Is 14605807 prime?
True
Is 12002831 prime?
False
Is 1076855069 composite?
False
Is 638527427 prime?
True
Is 417663734 prime?
False
Is 293121031 prime?
False
Is 908942807 a composite number?
True
Is 5584021 prime?
True
Is 105293821 a composite number?
False
Is 526454 a prime number?
False
Is 856176247 a composite number?
True
Is 331294303 prime?
False
Is 688087 composite?
False
Is 73018627 composite?
True
Is 314535107 prime?
True
Is 408011 prime?
True
Is 524431 a composite number?
True
Is 744479 composite?
True
Is 262945271 a composite number?
False
Is 20074609 prime?
False
Is 5215361 composite?
False
Is 10100293 a composite number?
True
Is 18688253 a prime number?
False
Is 116883673 prime?
True
Is 1706417 a prime number?
True
Is 122540963 prime?
True
Is 17583871 composite?
False
Is 11784649 composite?
True
Is 507071 a prime number?
True
Is 2900879 composite?
True
Is 7168313 a composite number?
False
Is 1898861 prime?
True
Is 745902163 a prime number?
True
Is 84270163 composite?
False
Is 6099103 composite?
True
Is 17117953 prime?
True
Is 19892129 prime?
False
Is 1700051 a prime number?
False
Is 2783479 prime?
False
Is 57389107 composite?
False
Is 100682671 composite?
False
Is 273268141 a composite number?
True
Is 24898129 a prime number?
False
Is 8817647 a composite number?
True
Is 191190019 a composite number?
False
Is 43042673 a prime number?
False
Is 3201382 prime?
False
Is 5013223 a prime number?
False
Is 9432149 a prime number?
True
Is 60416107 composite?
True
Is 2470387 composite?
False
Is 4525259 a composite number?
False
Is 3103939 prime?
True
Is 9477463 a composite number?
False
Is 60000851 a composite number?
False
Is 334640077 a composite number?
True
Is 3742211 a prime number?
False
Is 3738659 a prime number?
True
Is 302113 a composite number?
True
Is 130183406 a prime number?
False
Is 40609271 a prime number?
False
Is 62486707 a prime number?
False
Is 193087337 prime?
False
Is 2065489 a prime number?
True
Is 1746937 a prime number?
False
Is 1589197 a prime number?
False
Is 630749401 composite?
True
Is 39483946 a prime number?
False
Is 63435949 a prime number?
False
Is 3206131 composite?
True
Is 200493133 prime?
False
Is 525923 a prime number?
True
Is 23647517 a prime number?
True
Is 15644569 prime?
True
Is 539663 prime?
True
Is 6231065 prime?
False
Is 2092561 prime?
True
Is 101661029 composite?
False
Is 264900737 prime?
False
Is 8306509 a prime number?
True
Is 3165787 a composite number?
True
Is 25672587 prime?
False
Is 562409 composite?
False
Is 836126777 prime?
False
Is 1479623 composite?
True
Is 1437451 prime?
True
Is 14074999 prime?
True
Is 30301711 prime?
False
Is 335188241 a prime number?
False
Is 7066639 prime?
True
Is 33519523 composite?
False
Is 30253451 composite?
False
Is 13762997 composite?
False
Is 992777 a composite number?
False
Is 9383119 a composite number?
True
Is 636173 a prime number?
False
Is 62482619 composite?
False
Is 33148033 prime?
False
Is 244713511 a prime number?
False
Is 14793577 a composite number?
True
Is 19474241 prime?
True
Is 4529773 a composite number?
False
Is 36360559 a composite number?
False
Is 2670431 prime?
False
Is 34960181 prime?
False
Is 997390601 prime?
True
Is 6509171 a composite number?
True
Is 3179971 a composite number?
False
Is 30724105 a composite number?
True
Is 4405789 a prime number?
True
Is 169786187 composite?
True
Is 4081018757 a prime number?
True
Is 19925473 prime?
True
Is 1761601 a prime number?
True
Is 8106307 prime?
False
Is 7517659 a composite number?
False
Is 2855179 a composite number?
True
Is 87869 a prime number?
True
Is 115389955 a prime number?
False
Is 22710887 prime?
True
Is 1953323 composite?
False
Is 31229609 a prime number?
True
Is 24800431 a composite number?
True
Is 57768157 a prime number?
False
Is 8118878 a composite number?
True
Is 34974997 composite?
False
Is 11025853 prime?
True
Is 218515069 a prime number?
True
Is 7452211 prime?
False
Is 12680599 composite?
True
Is 14727301 a prime number?
False
Is 33283559 a prime number?
True
Is 10932079 a composite number?
True
Is 27091069 composite?
False
Is 19689151 prime?
True
Is 2294051 composite?
False
Is 2684195 a prime number?
False
Is 30580741 prime?
False
Is 8500007 composite?
False
Is 42805259 a composite number?
True
Is 66587 composite?
False
Is 414349 a prime number?
False
Is 27493199 composite?
True
Is 6273299 prime?
True
Is 37170751 a composite number?
False
Is 33113131 a composite number?
False
Is 13039979 prime?
False
Is 104269049 a composite number?
False
Is 5624369 a prime number?
True
Is 36578969 a prime number?
False
Is 224978003 composite?
False
Is 1109143 a composite number?
True
Is 11993791 a prime number?
False
Is 515802839 composite?
True
Is 1465003 a composite number?
True
Is 359837 a composite number?
False
Is 2403041 composite?
True
Is 3187259 prime?
False
Is 372012899 a prime number?
False
Is 494987 prime?
True
Is 330383 a composite number?
False
Is 2720447 prime?
True
Is 611255 a prime number?
False
Is 29383 prime?
True
Is 76499 prime?
False
Is 798023 prime?
True
Is 53295713 composite?
False
Is 2917919 a composite number?
True
Is 48197491 composite?
False
Is 2370329 composite?
True
Is 16173127 prime?
True
Is 3089501 a composite number?
False
Is 2734591 a prime number?
False
Is 4771729 a composite number?
True
Is 4605151 a prime number?
False
Is 2863466 composite?
True
Is 6031247 prime?
True
Is 1225331 a prime number?
True
Is 11432051 prime?
False
Is 621331 prime?
False
Is 46287